s -1322203331 (base 4) in base 12?
-202625
What is 1001111011111101100110 (base 2) in base 14?
4bb446
Convert 37197b (base 12) to base 10.
894767
13123220033 (base 4) to base 7
22362545
What is a213 (base 11) in base 15?
4046
What is 10001101200110 (base 3) in base 9?
3041613
Convert 1002031 (base 4) to base 3.
12210221
11000011010111011001011 (base 2) to base 9
13036473
What is 973a10 (base 11) in base 10?
1557160
What is c8d0 (base 15) in base 9?
64256
What is 11111000011000100001000 (base 2) in base 6?
450240344
What is -331c6b5 (base 13) in base 12?
-52a8b35
-3183e4 (base 15) to base 9
-4381627
-273546 (base 8) to base 14
-27046
Convert -110110111001100101 (base 2) to base 7.
-1624411
What is -311133011 (base 4) in base 7?
-1601465
Convert 1100100010100101110011 (base 2) to base 3.
20012000110222
What is 1011145 (base 6) in base 11?
33269
Convert -47476305 (base 8) to base 10.
-10386629
-135022534 (base 6) to base 15
-39688a
-4103013 (base 6) to base 9
-326510
What is -113213013 (base 4) in base 12?
-47b73
What is 19d951 (base 15) in base 11?
791432
What is 5545981 (base 11) in base 16?
9475b1
-1105316 (base 7) to base 13
-4a090
2122222220200 (base 3) to base 16
159f99
What is 2326787 (base 9) in base 10?
1258171
Convert 21223203 (base 5) to base 13.
63ac0
Convert -97846 (base 11) to base 4.
-202230120
Convert 255255 (base 11) to base 13.
111135
Convert -25543543 (base 6) to base 16.
-cc9b7
What is 156688 (base 9) in base 12?
48022
Convert -1001111100010100100 (base 2) to base 7.
-2524562
What is -336c05 (base 15) in base 10?
-2452955
What is -12714672 (base 9) in base 16?
-5fa926
What is -189b19 (base 13) in base 8?
-2275573
What is 104221053 (base 6) in base 16?
1cc1d9
4303510 (base 6) to base 2
110011011101100010
1929164 (base 10) to base 9
3560275
3023031241 (base 5) to base 8
27104673
Convert 4042471 (base 9) to base 14.
400d0a
What is 1130133103 (base 4) in base 8?
1343723
-21221331 (base 6) to base 9
-1152321
144157 (base 8) to base 12
2583b
Convert -831853 (base 9) to base 4.
-1320132330
Convert 132332 (base 8) to base 14.
12c30
What is -1c03583 (base 14) in base 3?
-222022220110001
What is -4103005 (base 6) in base 3?
-100220120012
-28672 (base 12) to base 16
-dbb6
4a1c50 (base 13) to base 3
10100011221102
What is 90c09 (base 13) in base 10?
259086
-5524642 (base 7) to base 13
-1a9c59
Convert -343323 (base 5) to base 12.
-7182
2667592 (base 11) to base 5
2134413142
10000011111000000011 (base 2) to base 8
2037003
1426205 (base 8) to base 15
7ed43
1279ac0 (base 13) to base 5
2440302231
10c009d (base 15) to base 6
1105055321
41215534 (base 6) to base 2
100100001001100010010
What is 20453224 (base 6) in base 2?
10010010000010110000
-1000230410 (base 5) to base 10
-1961355
41664011 (base 7) to base 6
203343225
-340903 (base 10) to base 11
-213142
What is -1456170 (base 8) in base 3?
-210011212022
What is -253128 (base 9) in base 7?
-1205432
What is -b5627 (base 13) in base 11?
-203099
Convert 22313120 (base 4) to base 9.
67038
Convert 1076ba (base 13) to base 16.
5eaff
Convert -825e (base 16) to base 13.
-12263
What is 21687 (base 15) in base 5?
11343402
Convert 2200112 (base 5) to base 12.
19878
Convert -1101000110010100100 (base 2) to base 7.
-3435241
What is 218933 (base 10) in base 8?
653465
Convert -213601112 (base 7) to base 3.
-220002200100202
What is -808142 (base 9) in base 12?
-1b099b
What is -ba1a9a (base 12) in base 15?
-3d364d
Convert b7849 (base 13) to base 15.
680e3
What is -4972829 (base 11) in base 2?
-100000111101110100111011
-102503a (base 13) to base 4
-102223003311
-2201450 (base 9) to base 10
-1182078
-425666 (base 7) to base 15
-16e42
What is 227bb8 (base 13) in base 16?
c77c9
What is -121343420 (base 5) in base 8?
-2142614
Convert 332264 (base 8) to base 14.
2ca56
-2214471 (base 9) to base 4
-10202232331
12232210332 (base 4) to base 5
422414041
Convert -471834 (base 9) to base 8.
-1051613
20223104 (base 5) to base 10
164154
What is 92b65 (base 13) in base 15?
53090
2324531 (base 6) to base 8
352747
Convert 97c8c1 (base 15) to base 12.
25088a7
Convert -1621770 (base 8) to base 2.
-1110010001111111000
11200220121222 (base 3) to base 2
1001100001110111011100
Convert 212000112 (base 3) to base 12.
9865
42509 (base 15) to base 2
110011010111010000
-26062618 (base 9) to base 8
-60640007
What is -1b91ba (base 12) in base 3?
-221000221121
What is -86865 (base 13) in base 6?
-5113253
What is 20330121 (base 4) in base 11?
25583
Convert 18211a (base 12) to base 8.
1461046
Convert -121000001 (base 4) to base 16.
-19001
2889121 (base 11) to base 13
1048c97
140e1 (base 15) to base 6
1213504
1144333002 (base 5) to base 4
22122212021
3424401 (base 6) to base 13
61675
Convert -35bac (base 13) to base 9.
-160312
What is 58879 (base 16) in base 9?
612367
11001101100011001011 (base 2) to base 16
cd8cb
Convert -480130 (base 12) to base 6.
-40520500
What is 64564 (base 10) in base 12?
31444
What is -16174216 (base 9) in base 2?
-11110110100100101000100
What is 2344120 (base 6) in base 2?
11101111101110000
-1000101101001001101011110 (base 2) to base 16
-116935e
Convert 22011201200 (base 3) to base 12.
79153
What is -46e18 (base 15) in base 13?
-7baa9
What is 8887507 (base 9) in base 3?
22222221120021
Convert -2324514 (base 7) to base 8.
-1072465
Convert 4d2c0 (base 14) to base 8.
562710
Convert -30434352 (base 6) to base 7.
-10305236
Convert -4c6b (base 15) to base 13.
-755c
5702456 (base 9) to base 6
145503553
-7a099 (base 12) to base 4
-213223311
What is -40bda (base 15) in base 16?
-3217c
What is 1378063 (base 11) in base 5?
1101233133
-100000100010110011001 (base 2) to base 13
-2b4503
-2be072 (base 15) to base 12
-8646b2
-10124000 (base 5) to base 9
-135762
What is -5334120 (base 6) in base 3?
-111021120210
311694 (base 16) to base 3
20001102221210
What is -322232303 (base 5) in base 8?
-5157424
What is -16042a (base 11) in base 15?
-4dd78
369831 (base 11) to base 4
2032210230
-545015 (base 7) to base 16
-17486
Convert 4406507 (base 10) to base 13.
bb3901
806772 (base 9) to base 14
c5d9c
1c6a6 (base 15) to base 7
534030
Convert 11710640 (base 9) to base 13.
125a3c3
What is -11140758 (base 9) in base 11?
-3059385
-111355 (base 13) to base 15
-7e46d
What is 232320312111 (base 4) in base 14?
18bd589
Convert 558808 (base 11) to base 6.
31024432
Convert -436586 (base 12) to base 9.
-2008013
Convert -b554b (base 13) to base 3.
-121120021110
12123241 (base 5) to base 9
183574
What is -101111100101100000111010 (base 2) in base 11?
-7050248
What is 4c054 (base 16) in base 2?
1001100000001010100
Convert 123133 (base 9) to base 14.
1d1d3
What is -5c43a0 (base 16) in base 13?
-13392ac
139d93 (base 16) to base 5
312114043
What is a9ed4 (base 15) in base 10?
539974
What is -12222004221 (base 5) in base 6?
-1241451134
Convert -14039 (base 13) to base 8.
-111025
What is -a35be (base 16) in base 3?
-1020222212011
What is 100110011001010110 (base 2) in base 12?
7701a
-2404431 (base 5) to base 11
-30373
269ba (base 13) to base 2
10001100100101010
Convert -111221224 (base 6) to base 15.
-29ed71
Convert a79a62 (base 11) to base 9.
3220870
-2200460 (base 7) to base 9
-450175
What is -64038 (base 14) in base 13?
-85c18
Convert 40231205 (base 6) to base 7.
12454043
What is -82985 (base 11) in base 6?
-2332020
443402 (base 7) to base 13
296b7
What is 1243522 (base 7) in base 11?
100916
-35421008 (base 9) to base 15
-17ace12
What is -65554422 (base 7) in base 8?
-25356367
Convert 615c39 (base 15) to base 16.
469848
-57a885 (base 13) to base 14
-3c1d4b
6578b8 (base 12) to base 4
12021011030
Convert -1258a12 (base 11) to base 13.
-5b38c4
-48781 (base 9) to base 16
-7fcc
-4986491 (base 10) to base 9
-10340155
-118855 (base 13) to base 12
-182484
-664a4 (base 12) to base 6
-2523124
Convert 611a94 (base 16) to base 9.
12868434
Convert 1011001111100101 (base 2) to base 5.
2433203
Convert -222102120212 (base 3) to base 4.
-1333000031
-679985 (base 10) to base 8
-2460061
Convert -230201242 (base 5) to base 14.
-1c8692
Convert -31344330 (base 5) to base 15.
-52b7a
Convert 1251712 (base 8) to base 5.
42133010
What is 15a53b (base 15) in base 12?
42619b
Convert -10247623 (base 8) to base 11.
-126118a
94b57 (base 12) to base 10
195187
-25d22 (base 16) to base 10
